rs of ((-10)/3)/(10/15)*-26?
2, 5, 13
Suppose -b = -3*b. Suppose -3*t + b*t = q + 64, -2*t - 28 = -3*q. Let r = 37 + t. List the prime factors of r.
17
Suppose -l - 10 = 8. Let v = 62 + l. What are the prime factors of v?
2, 11
Let i = 6 - 3. Suppose -i*c - 1 = -2*c. List the prime factors of ((-5)/(-15))/(c/(-30)).
2, 5
Suppose p + 24 = 3*p - 2*u, 5*u + 52 = 4*p. Suppose 0 = -5*a + 10, 61 = 3*b - 2*a + 4*a. Let j = b - p. List the prime factors of j.
11
Let r = 76 - 72. List the prime factors of r.
2
Suppose -51 + 203 = -4*x. Let o = 88 + x. List the prime factors of o.
2, 5
Let t = 43 - 33. List the prime factors of t.
2, 5
Let g = 6 + 0. Suppose -g*o + 50 = -o. List the prime factors of o.
2, 5
Let i(m) = 8*m**2 - m**3 - 3*m**2 + 2 + 2 + 2*m**2. List the prime factors of i(7).
2
Let j = 14 + -10. Suppose 9*a = j*a - 2*m + 20, -5*a + 4*m + 50 = 0. What are the prime factors of -1 - 3/(a/(-26))?
2, 3
Let k = 126 - 68. What are the prime factors of k?
2, 29
Suppose 0 = 3*l + 14 + 1. Suppose 2*h = 9 + 13. Let q = h + l. What are the prime factors of q?
2, 3
Let k(u) = 3*u. Suppose -4*w = 3*c - 7, -3*c + 2 = -w - 0. List the prime factors of k(w).
3
Let h = -12 + 6. Let m(t) = -2*t - 3. What are the prime factors of m(h)?
3
Suppose 2*v + 3*v - 675 = 0. What are the prime factors of v?
3, 5
Let f(d) = -4*d + 4. List the prime factors of f(-2).
2, 3
Suppose 13 = -5*s - 2. Let f(m) = 6*m**2 + 0*m**2 + 2 - 3*m**2 + 4*m. What are the prime factors of f(s)?
17
Let o(i) = -i**3 + 8*i**2 + 9*i + 6. Let b = 7 + 2. Let j be o(b). Let m = j - -14. What are the prime factors of m?
2, 5
Let a(h) = 3*h**2 - 2*h**2 + h**3 + 0*h**3 + 4. Let s be a(0). Suppose 2*i - 45 = -5*b, -2*i + s = -3*b - 1. What are the prime factors of i?
2, 5
Let u = 6 - 3. What are the prime factors of 17/u - 6/(-18)?
2, 3
Suppose 4*w + 4*j = 12, w - 4*w - j + 19 = 0. Let q = 19 + -9. Suppose 0 = 3*a - q - w. What are the prime factors of a?
2, 3
Suppose 3*j - 127 = 188. What are the prime factors of j?
3, 5, 7
Suppose 2*w - 7*w + 90 = 0. Suppose -2*q + w = -0*q. List the prime factors of q.
3
Let d = -1 + 0. What are the prime factors of d/(21/12 + -2)?
2
Suppose -4*v - d - 17 = -48, 0 = -v + 4*d - 5. List the prime factors of v.
7
Suppose 0 = -5*k - 5. List the prime factors of ((-12)/14)/(k/14).
2, 3
Let k(i) = 4 + 2*i**3 - 3*i**3 - 4*i**2 + 0 - 6*i + 11*i**2. Suppose 5*u - 32 = 3*u + 5*j, u + 5*j + 14 = 0. List the prime factors of k(u).
2
Let m(t) = t**3 - 4*t**2 - 4*t - 5. Let g be m(5). Suppose -2*j = 5*d - 4, -4*j + g = -3*d + 18. Let o(r) = 9*r - 2. List the prime factors of o(d).
2
List the prime factors of (168/10)/(12/90).
2, 3, 7
Suppose 0 = 3*t - 0*t + 3, 5*r + t - 39 = 0. Let x(w) = 3*w - 3. List the prime factors of x(r).
3, 7
Let f(i) = 6*i + 1. Let d be f(2). Suppose 0 = 5*g - d - 92. List the prime factors of g.
3, 7
Let z(c) = c - 3. Let g be z(6). Suppose -16 = -g*l + 23. What are the prime factors of l?
13
Suppose v - a - 103 = 0, -3*v + 198 = -4*a - 108. What are the prime factors of v?
2, 53
Suppose t + 20 + 89 = 3*s, -2*t + 78 = 2*s. What are the prime factors of s?
37
Let d = -56 - -151. What are the prime factors of d?
5, 19
Let z(k) = -3*k - 9. Let n be z(-4). List the prime factors of 37 - n/(-1 - 2).
2, 19
Let x = -218 + 357. List the prime factors of x.
139
Let t(j) = j**2 + 5*j - 14. List the prime factors of t(6).
2, 13
Let s = 5 - 1. Suppose -6 - 6 = s*i. Let h(w) = -2*w + 1. What are the prime factors of h(i)?
7
Suppose 5*w - 16 + 1 = 0. Let i = 21 + -15. Let y = i + w. What are the prime factors of y?
3
Let r(j) = -20*j**2 + 4*j - 2. Let g(v) = -30*v**2 + 6*v - 3. Let a(h) = -5*g(h) + 7*r(h). What are the prime factors of a(1)?
3
Let f be 9/(-27) - 13/(-3). Suppose -v - 4*v = f*i - 140, 4*v + i - 112 = 0. What are the prime factors of v?
2, 7
Suppose -5*o = -5*r - 175, 6 = 3*o + 3*r - 111. What are the prime factors of o?
37
Let r = -51 + 163. What are the prime factors of r?
2, 7
Suppose -4*x + x - 18 = -5*g, -4*g + 21 = -3*x. Let w = x - -25. What are the prime factors of w?
2, 7
What are the prime factors of (22 - -4)/(2/3 + 0)?
3, 13
Let k(o) = o**3 - 6*o**2 + 2*o - 3. Let p be k(4). Let f = -17 - p. List the prime factors of f.
2, 5
Suppose 0 = -2*n - 4*d + 3*d - 35, 3*d = 3*n + 39. Suppose 2*g - 55 = i, g - 122 = -3*g - 2*i. Let w = n + g. What are the prime factors of w?
13
Suppose j + j - 10 = -4*r, -13 = -3*r + 4*j. Suppose -c + r + 1 = 0. Suppose -c*l + 6 = -t - 15, 3*l - 19 = 4*t. List the prime factors of l.
5
Suppose -s = -4*w + 260, -2*s = w + 2*s - 65. What are the prime factors of w?
5, 13
Let j be -1 - (-1 - 0)*6. What are the prime factors of (-2)/(-5) - (-143)/j?
29
Let l(y) = -y**3 - 8*y**2 + 9*y. Let r be l(-9). Suppose -32 = -r*u - u. Let b = u - 18. What are the prime factors of b?
2, 7
Let p = 164 - 78. List the prime factors of p.
2, 43
Let k(z) = -5*z - 16. List the prime factors of k(-8).
2, 3
Let z = -1 - -3. Suppose -4*a = -42 + z. List the prime factors of a.
2, 5
Let a = -132 - -234. What are the prime factors of a?
2, 3, 17
Let y = 3 + -3. Suppose 0 = -0*t + t - 26. Suppose 4*s + o - t = y, 4*o + 2 - 16 = -s. What are the prime factors of s?
2, 3
Suppose -3*n = -0 - 9. Let h be (-2)/7 - (-592)/14. List the prime factors of -3 - (0 - h/n).
11
Let a(i) = 51*i - 1. What are the prime factors of a(1)?
2, 5
Let q be -6*(0 + 10/3). Let n = q - -36. List the prime factors of n.
2
Suppose 37 = 4*m + 9. What are the prime factors of m?
7
Suppose 2*y + d = -y + 31, 68 = 4*y - 4*d. Suppose -l + 7*l = y. List the prime factors of l.
2
Let d(c) = -2*c**3 - 6*c**2 - c - 1. What are the prime factors of d(-4)?
5, 7
Let x be 36/45*30/(-4). Let p(g) = -7*g**2 + 9. Let t(i) = -13*i**2 - i + 17. Let n(s) = -11*p(s) + 6*t(s). What are the prime factors of n(x)?
3
Let a(j) be the third derivative of 0 + 0*j - 1/24*j**4 + 1/3*j**3 + 3*j**2. List the prime factors of a(-9).
11
Let o = 16 + -13. Suppose -4*r + 39 = -o*r. List the prime factors of r.
3, 13
Let j = 31 + -4. Suppose 15 + j = 3*n. What are the prime factors of n?
2, 7
Let p be (2 - -1) + (-2 - -5). Let h = 4 - p. Let k = h + 6. List the prime factors of k.
2
Suppose -25 = 5*o - 0*o. Let b(a) = -a**2 - 6*a - 1. Let r be b(o). Suppose -r*n + 16 = -12. What are the prime factors of n?
7
Let z = -226 - -411. List the prime factors of z.
5, 37
What are the prime factors of (-3 + -2 - -4)*-25?
5
Let y(x) = 7*x - 1. Let s be y(1). Let v(o) = o**3 - 5*o**2 - 3*o - 2. What are the prime factors of v(s)?
2
Let a(i) = 2*i + 8. Let f be a(-6). Let h = f + 5. Suppose 0*q + 3*q = s + h, -3*s - 5*q = -53. What are the prime factors of s?
11
Suppose -3*b = -3*s - 15, -3*s = 3*b - 0*s - 9. Suppose 32 = -w + 3*w - b*f, 2*f = -8. What are the prime factors of w?
2
Suppose -4*w + 2*r = 56, 3*w + 48 - 3 = 3*r. Let c be w + (1 - (0 - -3)). What are the prime factors of c*1/((-10)/6)?
3
Let c(b) = 6*b + 2. Let u be c(9). Suppose -3*m - m = -u. List the prime factors of m.
2, 7
Suppose 4*s = -2*l + 524, -2*l - 262 = -2*s - 5*l. List the prime factors of s.
131
Suppose 3*f + 3*d = 105, 5*f - 2*d - 92 - 83 = 0. What are the prime factors of f?
5, 7
Let v = -44 - -62. What are the prime factors of (-2 - 0) + v + -4?
2, 3
Let i(h) = -h**2 - h. Let v(b) = b**3 + 13*b - 1. Let x(g) = 6*i(g) + v(g). Let d = 8 - 3. List the prime factors of x(d).
3
Suppose 5*u + 59 = o, -4*u - 20 = 2*o - 180. What are the prime factors of o?
2, 37
Let c(i) be the second derivative of i**5/20 + i**4/6 - i**3/3 + i**2/2 - i. Let o be c(-2). Suppose 5 = -4*z + o*z. What are the prime factors of z?
5
List the prime factors of 116/3 + (-10)/(-30).
3, 13
Let g = 120 - 62. What are the prime factors of g?
2, 29
Let b(o) = -2*o**3 - o**2 - 4*o - 3. Suppose -2*w + w = 5*n + 8, 3*n + 2*w = -2. Let f be b(n). List the prime factors of 9/(-3) - (-1 - f).
3, 5
Suppose -12*u = -1788 - 1824. What are the prime factors of u?
7, 43
Suppose 0 = -v + 13 - 0. Suppose -61 = -b - v. What are the prime factors of b?
2, 3
Let x(h) = h**3 - 7*h**2 + 7*h - 9. What are the prime factors of x(8)?
3, 37
Let l = -11 + 22. List the prime factors of l.
11
Let w = -139 + 260. What are the prime factors of w?
11
Let t(g) be the third derivative of g**5/60 